 prime factors of z?
1301
Suppose 3312 = 9*r + 14*r. List the prime factors of r.
2, 3
Suppose -11*b = -21 - 1. Suppose -3*i = -b*u - 1294 + 497, 0 = i - 4*u - 279. What are the prime factors of i?
263
Let k be 3 - (10 + -11)*(2 + -1). Let v be 31/3 + (-2)/6. List the prime factors of (68/5)/(k/v).
2, 17
Let u(b) be the third derivative of -b**6/120 - b**5/12 - b**4/6 - 2*b**3/3 + 2*b**2. Let i = 10 - 15. What are the prime factors of u(i)?
2
Let o = 6 + -8. Let k be 9 - -3 - (5 - 7). What are the prime factors of k*3/(-12)*o?
7
Suppose -5 = 4*r - 13. Suppose -r*y + 4 + 2 = 0. Suppose 0 = 2*m - y*m + 81. List the prime factors of m.
3
Let w(q) = q**3 + 8*q**2 + 6*q + 1. Let k be w(-7). Suppose -2*v = -2*c - 12, c = 2*c + 3. Suppose v*b = k + 76. List the prime factors of b.
2, 7
Let h(s) be the third derivative of s**4/4 - 2*s**3 - 9*s**2 - 2*s. Let n = -10 + 17. List the prime factors of h(n).
2, 3, 5
Let u(p) = 3*p**2 - 50*p + 5. Let t be u(24). Let x = 773 - t. List the prime factors of x.
2, 3, 5
Let y(v) = 3*v**2 + 29*v - 36. List the prime factors of y(7).
2, 157
Let y be 2 + 1 + 18 + -2. Let r(l) = -4 + 3 - y*l + 20*l. List the prime factors of r(4).
3
Let o be (-72)/54 + 28/(-6). Let d(b) = -2*b**2 - 12*b + 3. Let z be d(o). Suppose -41 = -z*g + 130. What are the prime factors of g?
3, 19
Suppose y + 4*y = 170. Suppose -15*z = 4*z - 76. Suppose 0 = s + z*d - 30, s + 4*d - y = d. What are the prime factors of s?
2, 23
Let z(u) = 22*u**2 + u - 1. Let q be z(1). Suppose -24*t + q*t + 10 = 0. Suppose 5*h + 5*r = 55, -6*h + 7*h - 27 = -t*r. List the prime factors of h.
7
Let o = 8 - 4. Suppose 0 = -5*b - 30 + 75. Suppose -o*h + 41 - b = 0. What are the prime factors of h?
2
Let j(q) = -q**3 - 8*q**2 + 15*q + 13. Let u(k) = -k + 5. Let p be u(15). What are the prime factors of j(p)?
3, 7
Suppose -x = -3*d - 46 - 13, 2*d = -2. List the prime factors of x.
2, 7
Let q(d) be the first derivative of d**4/2 - 10*d**3/3 + 5*d**2/2 + 20*d - 20. List the prime factors of q(7).
251
Suppose 19*n - 13623 - 8550 = 0. What are the prime factors of n?
3, 389
Let y(p) = -3*p**2 + 2*p + 4. Let b be y(0). List the prime factors of (-178)/(b + (-4 - 1)).
2, 89
Let i(r) = r**3 + 16*r**2 - 25*r + 39. Let l(s) = 4*s + 43. Let n be l(-15). What are the prime factors of i(n)?
5, 7
Suppose -2*g + a = -1, -5*a + 4*a = 2*g - 11. Suppose 7 = g*t - 8. Suppose -w - 3 = -2*s + 7*s, s = -t*w + 57. What are the prime factors of w?
2, 3
Suppose 0 = 52*j - 26847 + 6359. List the prime factors of j.
2, 197
Suppose -38 = 3*p + 172. Let o = p - -187. Let s = -56 + o. List the prime factors of s.
61
Let q(f) = 79*f**2 - 38*f - 172. List the prime factors of q(-7).
5, 13, 61
Let p(z) = -10 + 3*z + 17 - z. What are the prime factors of p(12)?
31
Let q(d) = -22*d**3 - 6*d**2 - 3*d + 10. What are the prime factors of q(-5)?
3, 5, 7
Let s = 63 - -294. Suppose 70 = 7*d - s. What are the prime factors of d?
61
Let k(d) = -d**2 + 10*d - 17. Suppose -5*w + 3*x + 20 = -32, 16 = -4*x. Let q be k(w). List the prime factors of 4/q + (-30)/(-1).
2, 13
Suppose -i + 9 = 6. Suppose -3*x = -5*m + i, -4*x - m + 25 = 6. What are the prime factors of x?
2
Let a = 9 + 181. List the prime factors of a.
2, 5, 19
Let o(c) = c**3 + 5*c**2 - 8*c - 9. Let m be o(-6). Suppose 5*l + 4*b = 3*l + 70, -m*l + 5*b = -116. What are the prime factors of l?
37
Suppose 5*s - 348 + 1638 = 0. What are the prime factors of s/(-9) - (-11)/33?
29
What are the prime factors of 4 + 3557 + 84/(-14)?
3, 5, 79
Suppose 2 = b - 2. Suppose -3*d + 1799 = b*d. What are the prime factors of d?
257
Let n be (35/3)/7*51. Suppose -n - 328 = -7*p. List the prime factors of p.
59
Let y(k) = -33 - 2 - k - 2 - 3*k. List the prime factors of y(-21).
47
Suppose 0*l - 36 = -6*l. Suppose 3*s = s + l. Suppose -m + n + s*n = -53, 4*m - 248 = -2*n. What are the prime factors of m?
61
Suppose 669 = 3*n + 5*w, -3*n = -7*n + 2*w + 866. What are the prime factors of n?
2, 109
Suppose -12 + 76 = -4*m. Let n be (m/2)/2 - -6. Suppose n*r = -r + 15. List the prime factors of r.
5
Suppose 0*z = z - 12. List the prime factors of ((-12)/(-5))/(z/90).
2, 3
Suppose 51*w - 27 = 48*w. Suppose -4*m = n - 89, 3*m + w = -0*m. List the prime factors of n.
101
Suppose -4*w + f + 532 = -4*f, -w + 144 = -4*f. What are the prime factors of w?
2
Let g(z) be the third derivative of -z**7/5040 + z**6/80 + z**5/12 - 3*z**2. Let y(j) be the third derivative of g(j). What are the prime factors of y(-9)?
2, 3
Let i be (10 - 8)*(0 + (-87)/2). Let d = i + 208. List the prime factors of d.
11
Let d(t) be the first derivative of -2*t**3/3 + 11*t**2/2 - 13*t + 10. What are the prime factors of d(3)?
2
Suppose -22 = -m + u - 1, u - 27 = -m. Suppose -4 = -3*h + h + 4*d, 0 = -4*h + 3*d - 7. Let k = m + h. List the prime factors of k.
2, 5
Let q be 1 + 449 - (3 - 1). Suppose 0 = -15*o + 11*o + q. List the prime factors of o.
2, 7
What are the prime factors of 16/4 - (6 + -869)?
3, 17
Let a(k) = 2*k**3 - 17*k**2 - 11*k + 11. List the prime factors of a(12).
887
Let r(t) = -t**3 + 8*t**2 + 4*t - 7. Let g be r(3). Suppose i - 140 = -g. What are the prime factors of i?
2, 3, 5
Let n(z) = z**2 - 8*z - 17. Let w be n(7). Let f = -17 + 65. Let y = w + f. List the prime factors of y.
2, 3
Suppose 0*m - 18 = m + 4*h, -4*h - 24 = 4*m. List the prime factors of 12/6 - 356/m.
2, 3, 5
Suppose -5926 = -4*u + 2*j + 4012, -2*u + 4959 = j. What are the prime factors of u?
2, 17, 73
Let v = -28 + 28. Suppose -87 = -q + 4*k, -2*q - q + 4*k + 229 = v. What are the prime factors of q?
71
Let c(t) = -t**2 + 14*t**2 - 5*t**2 - 2. What are the prime factors of c(-2)?
2, 3, 5
Let f(r) = -r**3 + 10*r**2 - 4*r - 30. Let c be f(8). Suppose 0*d + c = 4*a + 2*d, 5*d - 85 = -5*a. List the prime factors of a.
2
Let v(p) be the first derivative of 7*p**2 - 6*p - 10. List the prime factors of v(3).
2, 3
Let a = 211 + -91. Suppose -5*k + 430 = a. What are the prime factors of k?
2, 31
Let f(l) = -l - 12. Let x(k) = k + 11. Let d(n) = -6*f(n) - 7*x(n). Let w be d(-4). List the prime factors of -1*1*-9 - w.
2, 5
Let w = -18 + -86. Let k(p) = p**3 - p**2 - p - 6. Let y be k(0). List the prime factors of (-15)/y*w/(-10).
2, 13
Let o be (-22)/(-2) + -3 - 3. Suppose -o*k = 0, 4*q + 50 = -q + 4*k. Let m(p) = p**2 + 10*p + 7. List the prime factors of m(q).
7
Let s(g) = g**2 + 9*g + 8. List the prime factors of s(-11).
2, 3, 5
Let n(j) = j**2 + j - 4. Let f be n(-3). Suppose -f*y = 2*y + 24. What are the prime factors of 44*(-3)/y - 3?
19
Suppose -3*q - q = 4*k - 1236, -k + 291 = -5*q. List the prime factors of k.
2, 3, 17
Suppose -b - 4*t = -514, 3*b + 2*t - 1510 = -2*t. What are the prime factors of b?
2, 3, 83
Let j = -51 + 238. List the prime factors of j.
11, 17
Let b(f) = 6*f**3 - 3*f**2 - 23*f + 145. List the prime factors of b(9).
13, 313
List the prime factors of 54/((-10)/(-10) - 1/3).
3
Let l(y) = -2*y**3 - 30*y**2 + 2*y + 32. Let q be l(-15). Suppose 3*t - q*i - 350 = 2*i, 5*t - 4*i = 578. What are the prime factors of t?
2, 3, 19
Suppose 11*a - 4*a = 756. Suppose -4*n - a = -400. What are the prime factors of n?
73
Let m(v) = -v**2 + 6*v + 2. Let n be m(6). Suppose -d + 11 = -n*i - 1, 0 = -i - 4. List the prime factors of 3/(d/(160/12)).
2, 5
Let n(d) = -d + 10. Let t be n(6). List the prime factors of (4/(-3))/(t/(-354)).
2, 59
Let v(b) = 92*b**2 + 3*b + 6. What are the prime factors of v(-3)?
3, 5, 11
What are the prime factors of 256 + 1 - (-13 - -19)?
251
Suppose 5*r + 470 = 3*g, -410 = -2*g - 2*r - 102. List the prime factors of g.
5, 31
Let q(f) = -37*f + 22*f + 20*f - 3*f**2 + 23 + 8*f**2. What are the prime factors of q(-6)?
173
Let v = 27 + -24. Suppose x + v*m = 106, 7*x - 4*m - 376 = 3*x. What are the prime factors of x?
97
Let w = 708 - 257. What are the prime factors of w?
11, 41
Suppose 26 = 4*m + 2*f, -5*f = 2*m + 6 + 1. Suppose m*d - 214 = 7*d. List the prime factors of d.
107
Suppose -16 = -5*p + 374. Let f(b) = -8*b - 12. Let j be f(5). Let g = p + j. List the prime factors of g.
2, 13
Suppose -21 + 6 = -5*d. Suppose -2*s - 5*g + 463 = 0, -3*s + 3*g + 426 = -216. Suppose 0 = d*p + 42 - s. What are the prime factors of p?
59
Let p(x) = 194*x - 11. List the prime factors of p(1).
3, 61
List the